{"id":38,"date":"2011-01-06T18:28:11","date_gmt":"2011-01-06T18:28:11","guid":{"rendered":"http:\/\/www.ckaveiro.com\/?page_id=38"},"modified":"2026-01-29T12:48:51","modified_gmt":"2026-01-29T12:48:51","slug":"historia","status":"publish","type":"page","link":"https:\/\/www.ckaveiro.com\/web\/sobre\/historia\/","title":{"rendered":"Hist\u00f3ria"},"content":{"rendered":"\n<h2 class=\"wp-block-heading\">Hist\u00f3ria do Cka<\/h2>\n\n\n\n<p>As origens do Centro de Karate-Do de Aveiro remontam ao in\u00edcio da d\u00e9cada de setenta, quando o Karate era ainda uma actividade muito pouco conhecida e divulgada em Portugal. A primeira classe de Karate em Aveiro iniciou-se em 1970 e treinava no Semin\u00e1rio, sendo j\u00e1 o estilo praticado o Shotokan. Passado algum tempo, por impossibilidade do instrutor que dirigia a classe, viria a encerrar a sua actividade. No entanto, em 1974, alguns dos alunos mais antigos dessa classe decidem juntar-se e divulgar a nova modalidade, publicitando a abertura de inscri\u00e7\u00f5es. Para seu espanto a ades\u00e3o foi enorme, sendo ent\u00e3o formada uma classe que treinava no pavilh\u00e3o da antiga Escola Comercial, actual Escola Secund\u00e1ria Dr. M\u00e1rio Sacramento, onde permaneceu por muitos anos. No entanto, apenas em 1977 foi oficialmente fundado o Centro de Karate-Do de Aveiro como associa\u00e7\u00e3o desportiva sem fins lucrativos, sendo o seu grande impulsionador Francisco Bil\u00e9, na altura o praticante mais graduado.&nbsp;<\/p>\n\n\n\n<p>Seguiu-se um per\u00edodo de grande desenvolvimento t\u00e9cnico dos praticantes sob a orienta\u00e7\u00e3o da Associa\u00e7\u00e3o Shotokan Karate-Do de Portugal, que por sua vez estava filiada na Japan Karate Association, que culminaria com a obten\u00e7\u00e3o do primeiro cinto negro no final da d\u00e9cada de setenta, que na altura assumiria a fun\u00e7\u00e3o de instrutor principal.<\/p>\n\n\n\n<p>Pouco depois, com a sua ida para o estrangeiro e com sucessivas mudan\u00e7as de local de treino, foi diminuindo o n\u00famero de praticantes. No entanto, os praticantes mais graduados, na altura cintos castanhos, tentaram sempre manter viva a associa\u00e7\u00e3o apesar das dificuldades, obtendo o cinto negro em 1984, em 1987 relan\u00e7aram a associa\u00e7\u00e3o, com a abertura de novos locais de treino e imprimindo um grande dinamismo associativo.&nbsp;<\/p>\n\n\n\n<p>Pouco tempo depois, o C.K.A. seria um dos fundadores da Uni\u00e3o Portuguesa de Karate Shotokan e estaria ligado pelos seus principais instrutores \u00e0 World Karate Shotokan Academy, iniciando aqui uma nova orienta\u00e7\u00e3o t\u00e9cnica na linha de Karate Shotokan do Sensei Taiji Kase. A partir daqui o Centro de Karate-Do de Aveiro tem vindo cada vez mais a ser um agente activo na vida desportiva da regi\u00e3o, com a realiza\u00e7\u00e3o de cursos, campeonatos, demonstra\u00e7\u00f5es e participa\u00e7\u00f5es em outros eventos desportivos e culturais. Em 2002, com a extin\u00e7\u00e3o da World Karate Shotokan Academy \u00e9 criada a Shotokan Ryu Kase Ha Instructors Academy, tamb\u00e9m sob a orienta\u00e7\u00e3o t\u00e9cnica do Sensei Taiji Kase, ficando desde logo o C.K.A. ligado a esta nova organiza\u00e7\u00e3o atrav\u00e9s dos seus principais instrutores.<\/p>\n\n\n\n<p>Em 2004, com a morte do Sensei Taiji Kase, o Centro de Karate-Do de Aveiro continua com os seus principais instrutores filiados na Shotokan Ryu Kase Ha Instructors Academy, agora com a orienta\u00e7\u00e3o t\u00e9cnica de um Conselho T\u00e9cnico escolhido pelo Sensei Taiji Kase antes da morte e composto por credenciados instrutores que ao longo de muitos anos recolheram os conhecimentos do Sensei Taiji Kase.<\/p>\n\n\n\n<p>Em 2004 o C.K.A. filia-se na Federa\u00e7\u00e3o Nacional de Karate \u2013 Portugal, tendo actualmente v\u00e1rios instrutores com cursos de Treinadores de Karate N\u00edvel 1 e Treinadores de Karate N\u00edvel 2 da Federa\u00e7\u00e3o Nacional de Karate \u2013 Portugal,  reconhecidos pelo IPDJ &#8211; Instituto Portugu\u00eas do Desporto e Juventude.<\/p>\n\n\n\n<p>O Centro de Karate-Do de Aveiro tem como principais objectivos promover a pr\u00e1tica do Karate-Do, como meio de desenvolvimento f\u00edsico e ps\u00edquico de valia comprovada e ainda como forma de aperfei\u00e7oamento do car\u00e1cter dos seus praticantes.<\/p>\n\n\n\n<p>Oss<\/p>\n","protected":false},"excerpt":{"rendered":"<p>Hist\u00f3ria do Cka As origens do Centro de Karate-Do de Aveiro remontam ao in\u00edcio da d\u00e9cada de setenta, quando o Karate era ainda uma actividade muito pouco conhecida e divulgada em Portugal. A primeira classe de Karate em Aveiro iniciou-se em 1970 e treinava no Semin\u00e1rio, sendo j\u00e1 o estilo praticado o Shotokan. Passado algum<\/p><\/div>\n<div class=\"blog-btn\"><a href=\"https:\/\/www.ckaveiro.com\/web\/sobre\/historia\/\" class=\"home-blog-btn\">Ler mais<\/a><\/p>\n","protected":false},"author":1,"featured_media":0,"parent":2,"menu_order":0,"comment_status":"open","ping_status":"open","template":"","meta":{"footnotes":"","_links_to":"","_links_to_target":""},"class_list":["post-38","page","type-page","status-publish","hentry"],"_links":{"self":[{"href":"https:\/\/www.ckaveiro.com\/web\/wp-json\/wp\/v2\/pages\/38","targetHints":{"allow":["GET"]}}],"collection":[{"href":"https:\/\/www.ckaveiro.com\/web\/wp-json\/wp\/v2\/pages"}],"about":[{"href":"https:\/\/www.ckaveiro.com\/web\/wp-json\/wp\/v2\/types\/page"}],"author":[{"embeddable":true,"href":"https:\/\/www.ckaveiro.com\/web\/wp-json\/wp\/v2\/users\/1"}],"replies":[{"embeddable":true,"href":"https:\/\/www.ckaveiro.com\/web\/wp-json\/wp\/v2\/comments?post=38"}],"version-history":[{"count":71,"href":"https:\/\/www.ckaveiro.com\/web\/wp-json\/wp\/v2\/pages\/38\/revisions"}],"predecessor-version":[{"id":3409,"href":"https:\/\/www.ckaveiro.com\/web\/wp-json\/wp\/v2\/pages\/38\/revisions\/3409"}],"up":[{"embeddable":true,"href":"https:\/\/www.ckaveiro.com\/web\/wp-json\/wp\/v2\/pages\/2"}],"wp:attachment":[{"href":"https:\/\/www.ckaveiro.com\/web\/wp-json\/wp\/v2\/media?parent=38"}],"curies":[{"name":"wp","href":"https:\/\/api.w.org\/{rel}","templated":true}]}}