{"id":49,"date":"2011-01-06T18:30:03","date_gmt":"2011-01-06T18:30:03","guid":{"rendered":"http:\/\/www.ckaveiro.com\/?page_id=49"},"modified":"2026-01-27T17:12:24","modified_gmt":"2026-01-27T17:12:24","slug":"filiacoes","status":"publish","type":"page","link":"https:\/\/www.ckaveiro.com\/web\/sobre\/filiacoes\/","title":{"rendered":"Filia\u00e7\u00f5es"},"content":{"rendered":"\n<h2 class=\"wp-block-heading\">Filia\u00e7\u00f5es<\/h2>\n\n\n\n<hr class=\"wp-block-separator has-alpha-channel-opacity\"\/>\n\n\n\n<div class=\"wp-block-media-text is-stacked-on-mobile is-vertically-aligned-center\" style=\"grid-template-columns:15% auto\"><figure class=\"wp-block-media-text__media\"><a href=\"http:\/\/www.fnkp.pt\/home\/\"><img  title=\"\" loading=\"lazy\" decoding=\"async\" width=\"1182\" height=\"1182\" src=\"https:\/\/www.ckaveiro.com\/web\/wp-content\/uploads\/2026\/01\/FEDERACAO-NACIONAL-DE-KARATE.png\"  alt=\"FEDERACAO-NACIONAL-DE-KARATE Filia\u00e7\u00f5es\"  class=\"wp-image-3093 size-full\" srcset=\"https:\/\/www.ckaveiro.com\/web\/wp-content\/uploads\/2026\/01\/FEDERACAO-NACIONAL-DE-KARATE.png 1182w, https:\/\/www.ckaveiro.com\/web\/wp-content\/uploads\/2026\/01\/FEDERACAO-NACIONAL-DE-KARATE-300x300.png 300w, https:\/\/www.ckaveiro.com\/web\/wp-content\/uploads\/2026\/01\/FEDERACAO-NACIONAL-DE-KARATE-1024x1024.png 1024w, https:\/\/www.ckaveiro.com\/web\/wp-content\/uploads\/2026\/01\/FEDERACAO-NACIONAL-DE-KARATE-150x150.png 150w, https:\/\/www.ckaveiro.com\/web\/wp-content\/uploads\/2026\/01\/FEDERACAO-NACIONAL-DE-KARATE-768x768.png 768w, https:\/\/www.ckaveiro.com\/web\/wp-content\/uploads\/2026\/01\/FEDERACAO-NACIONAL-DE-KARATE-121x121.png 121w\" sizes=\"auto, (max-width: 1182px) 100vw, 1182px\" \/><\/a><\/figure><div class=\"wp-block-media-text__content\">\n<p><br>&nbsp;O Centro de Karate-Do de Aveiro est\u00e1 filiado na Federa\u00e7\u00e3o Nacional de Karate \u2013 Portugal (&nbsp;<a href=\"http:\/\/www.fnkp.pt\/home\/\" target=\"_blank\" rel=\"noreferrer noopener\">FNK-P<\/a>).<br><\/p>\n<\/div><\/div>\n\n\n\n<hr class=\"wp-block-separator has-alpha-channel-opacity\"\/>\n\n\n\n<div class=\"wp-block-media-text is-stacked-on-mobile is-vertically-aligned-center\" style=\"grid-template-columns:15% auto\"><figure class=\"wp-block-media-text__media\"><a href=\"http:\/\/ksk-academy.org\/\"><img  title=\"\" loading=\"lazy\" decoding=\"async\" width=\"1024\" height=\"1024\" src=\"https:\/\/www.ckaveiro.com\/web\/wp-content\/uploads\/2026\/01\/KARATE-SHOTOKAN-KASE-HA-ACADEMY-1024x1024.png\"  alt=\"KARATE-SHOTOKAN-KASE-HA-ACADEMY-1024x1024 Filia\u00e7\u00f5es\"  class=\"wp-image-3094 size-full\" srcset=\"https:\/\/www.ckaveiro.com\/web\/wp-content\/uploads\/2026\/01\/KARATE-SHOTOKAN-KASE-HA-ACADEMY-1024x1024.png 1024w, https:\/\/www.ckaveiro.com\/web\/wp-content\/uploads\/2026\/01\/KARATE-SHOTOKAN-KASE-HA-ACADEMY-300x300.png 300w, https:\/\/www.ckaveiro.com\/web\/wp-content\/uploads\/2026\/01\/KARATE-SHOTOKAN-KASE-HA-ACADEMY-150x150.png 150w, https:\/\/www.ckaveiro.com\/web\/wp-content\/uploads\/2026\/01\/KARATE-SHOTOKAN-KASE-HA-ACADEMY-768x768.png 768w, https:\/\/www.ckaveiro.com\/web\/wp-content\/uploads\/2026\/01\/KARATE-SHOTOKAN-KASE-HA-ACADEMY-121x121.png 121w, https:\/\/www.ckaveiro.com\/web\/wp-content\/uploads\/2026\/01\/KARATE-SHOTOKAN-KASE-HA-ACADEMY.png 1182w\" sizes=\"auto, (max-width: 1024px) 100vw, 1024px\" \/><\/a><\/figure><div class=\"wp-block-media-text__content\">\n<p>&nbsp;O Centro de Karate-Do de Aveiro tem instrutores filiados na<a href=\"http:\/\/ksk-academy.org\/\" target=\"_blank\" rel=\"noreferrer noopener\">&nbsp;Kase Ha Shotokan Ryu Karate-Do Academy<\/a>, organiza\u00e7\u00e3o fundada pelo Sensei Taiji Kase com objectivo de divulgar o Karate Shotokan segundo os princ\u00edpios do seu fundador.<\/p>\n<\/div><\/div>\n\n\n\n<hr class=\"wp-block-separator has-alpha-channel-opacity\"\/>\n\n\n\n<div class=\"wp-block-media-text is-stacked-on-mobile is-vertically-aligned-center\" style=\"grid-template-columns:15% auto\"><figure class=\"wp-block-media-text__media\"><a href=\"https:\/\/ipdj.gov.pt\"><img  title=\"\" loading=\"lazy\" decoding=\"async\" width=\"766\" height=\"1024\" src=\"https:\/\/www.ckaveiro.com\/web\/wp-content\/uploads\/2026\/01\/LOGO-IPDJ-COR-Vertical-766x1024.png\"  alt=\"LOGO-IPDJ-COR-Vertical-766x1024 Filia\u00e7\u00f5es\"  class=\"wp-image-3359 size-full\" srcset=\"https:\/\/www.ckaveiro.com\/web\/wp-content\/uploads\/2026\/01\/LOGO-IPDJ-COR-Vertical-766x1024.png 766w, https:\/\/www.ckaveiro.com\/web\/wp-content\/uploads\/2026\/01\/LOGO-IPDJ-COR-Vertical-224x300.png 224w, https:\/\/www.ckaveiro.com\/web\/wp-content\/uploads\/2026\/01\/LOGO-IPDJ-COR-Vertical-768x1027.png 768w, https:\/\/www.ckaveiro.com\/web\/wp-content\/uploads\/2026\/01\/LOGO-IPDJ-COR-Vertical-1149x1536.png 1149w, https:\/\/www.ckaveiro.com\/web\/wp-content\/uploads\/2026\/01\/LOGO-IPDJ-COR-Vertical.png 1328w\" sizes=\"auto, (max-width: 766px) 100vw, 766px\" \/><\/a><\/figure><div class=\"wp-block-media-text__content\">\n<p>\u00a0O Centro de Karate-Do de Aveiro tem os seus Instrutores reconhecidos pelo <a href=\"https:\/\/ipdj.gov.pt\">Instituto Portugu\u00eas do Desporto e Juventude<\/a><\/p>\n<\/div><\/div>\n\n\n\n<p><\/p>\n","protected":false},"excerpt":{"rendered":"<p>Filia\u00e7\u00f5es &nbsp;O Centro de Karate-Do de Aveiro est\u00e1 filiado na Federa\u00e7\u00e3o Nacional de Karate \u2013 Portugal (&nbsp;FNK-P). &nbsp;O Centro de Karate-Do de Aveiro tem instrutores filiados na&nbsp;Kase Ha Shotokan Ryu Karate-Do Academy, organiza\u00e7\u00e3o fundada pelo Sensei Taiji Kase com objectivo de divulgar o Karate Shotokan segundo os princ\u00edpios do seu fundador. \u00a0O Centro de Karate-Do<\/p><\/div>\n<div class=\"blog-btn\"><a href=\"https:\/\/www.ckaveiro.com\/web\/sobre\/filiacoes\/\" class=\"home-blog-btn\">Ler mais<\/a><\/p>\n","protected":false},"author":1,"featured_media":0,"parent":2,"menu_order":0,"comment_status":"open","ping_status":"open","template":"","meta":{"footnotes":"","_links_to":"","_links_to_target":""},"class_list":["post-49","page","type-page","status-publish","hentry"],"_links":{"self":[{"href":"https:\/\/www.ckaveiro.com\/web\/wp-json\/wp\/v2\/pages\/49","targetHints":{"allow":["GET"]}}],"collection":[{"href":"https:\/\/www.ckaveiro.com\/web\/wp-json\/wp\/v2\/pages"}],"about":[{"href":"https:\/\/www.ckaveiro.com\/web\/wp-json\/wp\/v2\/types\/page"}],"author":[{"embeddable":true,"href":"https:\/\/www.ckaveiro.com\/web\/wp-json\/wp\/v2\/users\/1"}],"replies":[{"embeddable":true,"href":"https:\/\/www.ckaveiro.com\/web\/wp-json\/wp\/v2\/comments?post=49"}],"version-history":[{"count":19,"href":"https:\/\/www.ckaveiro.com\/web\/wp-json\/wp\/v2\/pages\/49\/revisions"}],"predecessor-version":[{"id":3361,"href":"https:\/\/www.ckaveiro.com\/web\/wp-json\/wp\/v2\/pages\/49\/revisions\/3361"}],"up":[{"embeddable":true,"href":"https:\/\/www.ckaveiro.com\/web\/wp-json\/wp\/v2\/pages\/2"}],"wp:attachment":[{"href":"https:\/\/www.ckaveiro.com\/web\/wp-json\/wp\/v2\/media?parent=49"}],"curies":[{"name":"wp","href":"https:\/\/api.w.org\/{rel}","templated":true}]}}