{"id":532,"date":"2011-01-25T14:03:23","date_gmt":"2011-01-25T14:03:23","guid":{"rendered":"http:\/\/www.ckaveiro.com\/demo\/"},"modified":"2026-01-20T10:39:12","modified_gmt":"2026-01-20T10:39:12","slug":"joao-santos","status":"publish","type":"page","link":"https:\/\/www.ckaveiro.com\/web\/joao-santos\/","title":{"rendered":"Jo\u00e3o Santos"},"content":{"rendered":"\n<h2 class=\"wp-block-heading\"><strong>Jo\u00e3o Santos<\/strong><\/h2>\n\n\n\n<div class=\"wp-block-media-text is-stacked-on-mobile\" style=\"grid-template-columns:25% auto\"><figure class=\"wp-block-media-text__media\"><img  title=\"\" loading=\"lazy\" decoding=\"async\" width=\"475\" height=\"540\" src=\"https:\/\/www.ckaveiro.com\/web\/wp-content\/uploads\/2011\/01\/joao-santos.jpg\"  alt=\"joao-santos Jo\u00e3o Santos\"  class=\"wp-image-701 size-full\" srcset=\"https:\/\/www.ckaveiro.com\/web\/wp-content\/uploads\/2011\/01\/joao-santos.jpg 475w, https:\/\/www.ckaveiro.com\/web\/wp-content\/uploads\/2011\/01\/joao-santos-263x300.jpg 263w, https:\/\/www.ckaveiro.com\/web\/wp-content\/uploads\/2011\/01\/joao-santos-112x128.jpg 112w\" sizes=\"auto, (max-width: 475px) 100vw, 475px\" \/><\/figure><div class=\"wp-block-media-text__content\">\n<p><\/p>\n<\/div><\/div>\n\n\n\n<hr class=\"wp-block-separator has-alpha-channel-opacity\"\/>\n\n\n\n<h2 class=\"wp-block-heading has-medium-font-size\"><strong>Curriculum<\/strong><\/h2>\n\n\n\n<p>Nascido em Joanesburgo \u00c1frica do Sul, mas residente em Aveiro desde 1987, iniciou a pr\u00e1tica de Karate em 1990, no \u201cCentro de Karate-Do de Aveiro\u201d. Sob a orienta\u00e7\u00e3o t\u00e9cnica do mesmo, onde obteve as diversas gradua\u00e7\u00f5es at\u00e9 Cinto Negro \u2013 2\u00ba Dan, conseguindo esta gradua\u00e7\u00e3o em 2003, a qual foi atribu\u00edda pelo Sensei Taiji Kase da \u201cKase Ha Shotokan Ryu Karate Do Academy\u201d.<\/p>\n\n\n\n<p>Em 2001, tornou-se o mais novo instrutor do Centro de Karate-Do de Aveiro, ficando respons\u00e1vel por um Dojo em Esgueira.<br>Treinador n\u00edvel 2, reconhecido pela FNK-P.<\/p>\n\n\n\n<p>Em Abril de 2018 realizou exame para 4\u00baDan, gradua\u00e7\u00e3o atribu\u00edda pelo Sensei Dirk Heene.<\/p>\n\n\n\n<p>Na sua vida profissional \u00e9 Engenheiro Civil.<\/p>\n\n\n\n<p><strong>Contactos:<\/strong><br>Jo\u00e3o Santos<\/p>\n\n\n\n<p><strong>Telm.&nbsp;<\/strong>916 981 791<br><a href=\"mailto:dojo.esgueira@gmail.com\">dojo.esgueira@gmail.com<\/a><\/p>\n\n\n\n<p><\/p>\n\n\n\n<p><\/p>\n","protected":false},"excerpt":{"rendered":"<p>Jo\u00e3o Santos Curriculum Nascido em Joanesburgo \u00c1frica do Sul, mas residente em Aveiro desde 1987, iniciou a pr\u00e1tica de Karate em 1990, no \u201cCentro de Karate-Do de Aveiro\u201d. Sob a orienta\u00e7\u00e3o t\u00e9cnica do mesmo, onde obteve as diversas gradua\u00e7\u00f5es at\u00e9 Cinto Negro \u2013 2\u00ba Dan, conseguindo esta gradua\u00e7\u00e3o em 2003, a qual foi atribu\u00edda pelo<\/p><\/div>\n<div class=\"blog-btn\"><a href=\"https:\/\/www.ckaveiro.com\/web\/joao-santos\/\" class=\"home-blog-btn\">Ler mais<\/a><\/p>\n","protected":false},"author":1,"featured_media":0,"parent":0,"menu_order":0,"comment_status":"open","ping_status":"open","template":"","meta":{"footnotes":"","_links_to":"","_links_to_target":""},"class_list":["post-532","page","type-page","status-publish","hentry"],"_links":{"self":[{"href":"https:\/\/www.ckaveiro.com\/web\/wp-json\/wp\/v2\/pages\/532","targetHints":{"allow":["GET"]}}],"collection":[{"href":"https:\/\/www.ckaveiro.com\/web\/wp-json\/wp\/v2\/pages"}],"about":[{"href":"https:\/\/www.ckaveiro.com\/web\/wp-json\/wp\/v2\/types\/page"}],"author":[{"embeddable":true,"href":"https:\/\/www.ckaveiro.com\/web\/wp-json\/wp\/v2\/users\/1"}],"replies":[{"embeddable":true,"href":"https:\/\/www.ckaveiro.com\/web\/wp-json\/wp\/v2\/comments?post=532"}],"version-history":[{"count":17,"href":"https:\/\/www.ckaveiro.com\/web\/wp-json\/wp\/v2\/pages\/532\/revisions"}],"predecessor-version":[{"id":3221,"href":"https:\/\/www.ckaveiro.com\/web\/wp-json\/wp\/v2\/pages\/532\/revisions\/3221"}],"wp:attachment":[{"href":"https:\/\/www.ckaveiro.com\/web\/wp-json\/wp\/v2\/media?parent=532"}],"curies":[{"name":"wp","href":"https:\/\/api.w.org\/{rel}","templated":true}]}}