{"id":79,"date":"2011-01-07T17:50:32","date_gmt":"2011-01-07T17:50:32","guid":{"rendered":"http:\/\/www.ckaveiro.com\/?page_id=79"},"modified":"2026-01-22T11:29:53","modified_gmt":"2026-01-22T11:29:53","slug":"sensei-gichin-funakoshi","status":"publish","type":"page","link":"https:\/\/www.ckaveiro.com\/web\/referencias\/sensei-gichin-funakoshi\/","title":{"rendered":"Sensei Gichin Funakoshi"},"content":{"rendered":"\n<h2 class=\"wp-block-heading has-text-align-center\">Sensei Gichin Funakoshi<\/h2>\n\n\n<div class=\"wp-block-image\">\n<figure class=\"aligncenter size-full is-resized\"><img  title=\"\" loading=\"lazy\" decoding=\"async\" width=\"259\" height=\"367\" src=\"https:\/\/www.ckaveiro.com\/web\/wp-content\/uploads\/2011\/01\/funakoshi.jpg\"  alt=\"funakoshi Sensei Gichin Funakoshi\"  class=\"wp-image-94\" style=\"width:348px;height:auto\" srcset=\"https:\/\/www.ckaveiro.com\/web\/wp-content\/uploads\/2011\/01\/funakoshi.jpg 259w, https:\/\/www.ckaveiro.com\/web\/wp-content\/uploads\/2011\/01\/funakoshi-211x300.jpg 211w\" sizes=\"auto, (max-width: 259px) 100vw, 259px\" \/><\/figure>\n<\/div>\n\n\n<p>Gichin Funakoshi foi o introdutor e mais importante divulgador do Karate no territ\u00f3rio central do Jap\u00e3o, recebendo por esse fato o nome de \u201cPai do Karate\u201d. Em Novembro de 1868, no ano da restaura\u00e7\u00e3o Meiji, nasce Gichin Funakoshi na cidade de Shuri, Okinawa. A fam\u00edlia Tominakoshi (designa\u00e7\u00e3o formal da fam\u00edlia) possui o t\u00edtulo Shizoku (\u201cpequena aristocracia\u201d) e Gichin \u00e9 neto de um confucionista que ensinara membros da fam\u00edlia real \u2013 Gisu Tominakoshi. Tendo nascido como prematuro Gichin teve uma sa\u00fade d\u00e9bil por toda a inf\u00e2ncia. Em 1880 come\u00e7a a praticar To-de (Karate primitivo) em Okinawa, sob a orienta\u00e7\u00e3o de Yasutsune Azato, pai de um colega seu da escola. A carta de recomenda\u00e7\u00e3o do jovem \u00e9 entregue a Azato por seu av\u00f4 Gisu Tominakoshi. O m\u00e9dico da fam\u00edlia \u2013 Tokashiki \u2013 apoia esse procedimento, como m\u00e9todo de refor\u00e7o da sa\u00fade do jovem. \u00c9 prov\u00e1vel que Funakoshi, antes de se tornar disc\u00edpulo de Azato, tenha estudado durante um curto per\u00edodo com Taitei Kinjo, conhecido como \u201cpunho de ferro\u201d pela sua capacidade de derrubar um touro com um \u00fanico murro. Funakoshi conheceu e treinou com outros mestres, tais como: Yasutsune Itosu, Sokon Matsumura, Kanryo Higaonna, Kiyuna, Toono (origin\u00e1rio de Naha) e Niigaki. Aos 20 anos, em 1888, Funakoshi obt\u00e9m aprova\u00e7\u00e3o nos exames para professor prim\u00e1rio, profiss\u00e3o que exercera at\u00e9 1921. Em 1902 lidera uma demonstra\u00e7\u00e3o de Tode (Okinawa-te) perante Shintaro Ogawa, comiss\u00e1rio escolar, contribuindo para o refor\u00e7o do ensino da disciplina nos liceus da regi\u00e3o. Em 1903 apresenta o primeiro programa pedag\u00f3gico para a pr\u00e1tica de Tode (Okinawa-te) nos liceus de Okinawa. Em 1906 morre um dos seus grandes Mestres \u2013 Yasutsune Azato. No mesmo ano Gichin Funakoshi organiza a primeira exibi\u00e7\u00e3o p\u00fablica de Tode em Okinawa. Nasce o seu terceiro filho Yoshitaka (ou Gigo).<\/p>\n\n\n\n<p>Em 1912, militares da Marinha Imperial Japonesa s\u00e3o mandados a Okinawa para aprender Tode (Okinawa-te) e treinam sob a orienta\u00e7\u00e3o de Gichin Funakoshi Em 1913 Gichin Funakoshi organiza uma equipe de demonstra\u00e7\u00f5es de Tode (Okinawa-te) que, nos dois anos seguintes, realizar\u00e1 centenas de exibi\u00e7\u00f5es perante milhares de espectadores por todo o territ\u00f3rio de Okinawa. Integram este grupo personalidades que h\u00e3o de se tornar famosas no panorama do Karate, tais como: Choki Motobu, Chotoku Kyan e Kenua Mabuni. Em 1915 morre o segundo principal Mestre de Funakoshi \u2013 Yasutsune Itosu. Em 1917 no Botoku-den de Kyoto efectua-se a primeira demonstra\u00e7\u00e3o de Tode (Okinawa-te) fora de Okinawa, a qual \u00e9 liderada por Gichin Funakoshi. A seis de Mar\u00e7o de 1921 o pr\u00edncipe herdeiro Hirohito assiste a uma demonstra\u00e7\u00e3o de Tode (Okinawa-te) liderada por Gichin Funakoshi no grande hall do Castelo de Shuri. Ainda no mesmo ano Funakoshi funda e passa a presidir a Shobukai de Okinawa (Associa\u00e7\u00e3o para a Promo\u00e7\u00e3o do Esp\u00edrito das Artes Marciais de Okinawa). Em 1922 Jigoro Kano, o fundador do Judo, efectua a sua primeira visita oficial a Okinawa e efectua um discurso acerca do Budo japon\u00eas que inspira os praticantes locais de Tode (Okinawa-te) a conhecerem a sua arte. Nesse mesmo ano, primeiro de Abril, o Minist\u00e9rio da Educa\u00e7\u00e3o organiza a \u201cPrimeira Exibi\u00e7\u00e3o Atl\u00e9tica Nacional\u201d em T\u00f3quio onde se exibem diversas artes marciais. O Tode (Okinawa-te) \u00e9 uma das artes convidadas e Gichin Funakoshi escolhido, pelos diversos peritos de Okinawa, para liderar a demonstra\u00e7\u00e3o, a qual constitui a primeira apresenta\u00e7\u00e3o p\u00fablica de Tode ao p\u00fablico de T\u00f3quio. A 17 de Maio, na sequ\u00eancia da exibi\u00e7\u00e3o p\u00fablica de Tode (Okinawa-te), Gichin Funakoshi realiza, a convite de Jigoro Kano, uma demonstra\u00e7\u00e3o no Kodokan, na qual solicita ao seu disc\u00edpulo Shinken Gima que demonstre a Kata Naihanchi (mais tarde denominada Tekki). Nesta ocasi\u00e3o Funakoshi fabrica com as suas pr\u00f3prias m\u00e3os, para si e para o seu disc\u00edpulo, os primeiros Karate-gi, inspirados no Judo-gi, uniformes tamb\u00e9m conhecidos como \u201ckimonos\u201d. Em Junho Gichin Funakoshi publica um artigo sobre Tode (Okinawa-te) no jornal Tokyo Nichinichi. O primeiro artigo publicado sobre esta arte fora de Okinawa. As primeiras aulas s\u00e3o dadas aos membros do Tabata Popular Club e a primeira escola \u00e9 aberta no Meisei Juku \u2013&nbsp;um dormit\u00f3rio para estudantes origin\u00e1rio de Okinawa \u2013 situado no bairro Suidobata em T\u00f3quio. Ainda no mesmo ano a editora Bukyosha traz a p\u00fablico o primeiro livro de Gichin Funakoshi: \u201cRyu-kyu Kempo: Tode\u201d.<\/p>\n\n\n\n<p>O artista Hoan Kosugi desenha, para a capa do livro, o famoso \u201cTigre\u201d que se torna o s\u00edmbolo da arte de Funakoshi. Ainda no ano da sua chegada a T\u00f3quio, Funakoshi recebe um aluno muito especial: Hironori Ohtsuka, na altura j\u00e1 de um experiente praticante de Ju-jitsu com 17 anos de pr\u00e1tica. Tinha ouvido falar de Gichin Funakoshi, procurara-o, e decidira tornar-se seu disc\u00edpulo. Ent\u00e3o, Ohtsuka praticar\u00e1 sob a orienta\u00e7\u00e3o de Funakoshi durante os pr\u00f3ximos nove anos. Em 1923 as instala\u00e7\u00f5es do Meisei Juko, onde Gichin Funakoshi reside, trabalha e d\u00e1 aulas, s\u00e3o destru\u00eddas por um enorme terramoto. Em 1924 Yoshitaka (Gigo) Funakoshi vai viver em T\u00f3quio e passa a morar com seu pai. Embora praticante de Tode (Okinawa-te) Yoshitaka (Gigo) Funakoshi dedica apenas parte do seu tempo \u00e0 pr\u00e1tica, j\u00e1 que estuda no laborat\u00f3rio de radiologia da Universidade de T\u00f3quio, aonde vir\u00e1 a obter o diploma de \u201cT\u00e9cnico de Radiologia\u201d, passando ent\u00e3o a trabalhar nesse mesmo local e tamb\u00e9m no Minist\u00e9rio da Educa\u00e7\u00e3o. No mesmo ano, Hakudo (Hiromichi) Nakayama (o fundador do moderno Iai-do), ao tomar conhecimento que Funakoshi n\u00e3o tem onde dar aulas, oferece-lhe os hor\u00e1rios livres do seu doj\u00f4 de kendo, situado em Kyobashi, T\u00f3quio. Funakoshi adopta ent\u00e3o um esquema de gradua\u00e7\u00f5es de faixas (kyu e dan) semelhante ao do Judo. Todos os karatecas usam agora o Karate-gi branco que Funakoshi introduzira pela primeira vez na demonstra\u00e7\u00e3o no Kodokan em 1921. Os dan\u2019s passam a usar faixa preta. \u00c9 fundado o primeiro clube universit\u00e1rio, na Universidade de Keiho (a convite do professor Shinyo Kasuya, do Departamento de L\u00ednguas Germ\u00e2nicas). Em 1926 Gichin Funakoshi publica, atrav\u00e9s da Editora Kobundo, uma segunda edi\u00e7\u00e3o do seu primeiro livro, desta vez sob a designa\u00e7\u00e3o de: \u201cRentan Goshin Tode Jutsu\u201d (as \u201cplacas de impress\u00e3o\u201d originais do seu primeiro livro tinham sido destru\u00eddas no terramoto de 1923). A 20 de Mar\u00e7o de 1928 Gichin Funakoshi realiza uma demonstra\u00e7\u00e3o de Tode (Okinawa-te) no Sainei-kan do Pal\u00e1cio Imperial, em T\u00f3quio. Ainda em 1928 recebe a visita de Kenwa Mabuni e, no ano seguinte, de Chojun Miyagi, que efectuam as suas primeiras viagens a T\u00f3quio. Nesse tempo, Funakoshi j\u00e1 possui 61anos. No in\u00edcio da d\u00e9cada de 30 assiste-se \u00e0 abertura de clubes de Tode (Okinawa-te) em v\u00e1rias Universidades: Takushoku, Chuo, Shodai (agora chamada Hitotsubashi), Waseda, Hosei, Gakushuin, Nihon e Meiji.<\/p>\n\n\n\n<p>Gigo Funakoshi, a pedido de seu pai, come\u00e7a tomar lideran\u00e7a das aulas de Karate nas universidades, especialmente em Waseda. Dentre os in\u00fameros disc\u00edpulos de Funakoshi que aderem ao estudo da arte de Okinawa h\u00e1 a destacar dois nomes e duas datas: Shigeru Egami que come\u00e7a a treinar em 1931 na Universidade de Waseda, ajudando a fundar o Clube de Karate local e Masatoshi Nakayama que inicia a sua pr\u00e1tica em 1932 enquanto aluno da Universidade de Takushoku. Nesta data Gichin Funakoshi j\u00e1 mantinha os primeiros contactos com Morihei Ueshiba, o fundador do Aikido, frequentando alguns dos seus semin\u00e1rios especiais e trocando opini\u00f5es pessoais com este acerca da ess\u00eancia do Budo. Em 1933 Gigo Funakoshi passa a dar mais \u00eanfase \u00e0 pr\u00e1tica do combate no Karate, criando o Kihon Ippon Kumite (luta combinada). Em 1934 os alunos de Funakoshi sob a orienta\u00e7\u00e3o de Takeshi Shimoda \u2013 considerado o seu mais talentoso estudante e conhecedor de Kendo e Ninjutsu (escola Nen Ryu) \u2013 realizam uma digress\u00e3o pela \u00e1rea de Kyoto-Osaka e pela ilha de Kyushu. Em seguida, Shimoda contrai uma pneumonia e morre poucos dias depois. Ap\u00f3s a morte de Takeshi Shimoda, Gichin Funakoshi nomeia como principal assistente seu filho Gigo Funakoshi que, entretanto obtivera o t\u00edtulo de Renshi da Butokukai. Ainda no mesmo ano, Gigo Funakoshi introduz o Jiyu Ippon Kumite (luta semi-livre). Hironori Ohtsuka, que fora aluno dedicado de Funakoshi, por\u00e9m um pouco rebelde, abandona seu mestre e abre um doj\u00f4 (Wado) em T\u00f3quio e come\u00e7a a ensinar a sua arte conciliando a actividade pedag\u00f3gica com a sua profiss\u00e3o de m\u00e9dico. O tipo de pr\u00e1tica que prop\u00f5e incorporando exerc\u00edcios de Tode e t\u00e9cnicas de Ju-jitsu \u2013 constitui uma oposi\u00e7\u00e3o ao m\u00e9todo de Gichin Funakoshi. Gera-se a primeira cis\u00e3o na pr\u00e1tica do Karate, havendo v\u00e1rios grupos universit\u00e1rios que aderem ao m\u00e9todo de Ohtsuka, que em breve ser\u00e1 denominado Karate estilo Wado-ryu. Em 1935 Kichinosuke Saigo, importante figura pol\u00edtica da \u00e9poca e um dos mais antigos alunos de Gichin Funakoshi, cria um comit\u00e9 que prop\u00f5e, como primeira tarefa, a constru\u00e7\u00e3o do primeiro doj\u00f4 de Karate no Jap\u00e3o. Esse comit\u00e9 \u00e9 considerado o embri\u00e3o da Associa\u00e7\u00e3o Shoto (Shotokan). Nesse mesmo ano Gichin Funakoshi publica a sua obra fundamental, \u201cKarate-do Kyohan\u201d (conhecida internacionalmente como \u201cO Texto do Mestre\u201d). Nessa obra Funakoshi prop\u00f5e oficialmente a modifica\u00e7\u00e3o do kanji \u201cTo\u201d \u2013 associado \u00e0 dinastia chinesa Tang, e que significa \u201cantigo\u201d \u2013 pelo Kanji \u201cKu\u201d, que significa \u201cvazio\u201d. Uma vez que ambos os Kanji tamb\u00e9m se podem pronunciar \u201cKara\u201d, e a forma verbal continua inalterada. Karate deixa ent\u00e3o de significar \u201ca m\u00e3o antiga\u201d ou \u201cchinesa\u201d e passa a ser conhecido como \u201co caminho das m\u00e3os vazias\u201d. Ainda em 1935 Gigo Funakoshi introduz a pr\u00e1tica do Jiyu Kumite (\u201cluta livre\u201d) e, com o apoio de Shigeru Egami e Genshin Hironishi, entre outros, desenvolve novas t\u00e9cnicas de pernas como: Yoko Geri (Kekomi e Keage), bem como v\u00e1rias formas de Mawashi-Geri, Fumikomi e Ushiro-Geri. E as posi\u00e7\u00f5es de base tornam-se mais baixas do que as antigas.<\/p>\n\n\n\n<p>Na Primavera de 1936, o recolhimento de fundos iniciado no ano anterior por Kichinosuke Saigo d\u00e1 os seus frutos e o dojo de Funakoshi come\u00e7a a tornar-se uma realidade. Na porta de entrada \u00e9 colocada uma placa com o nome \u201cShotokan\u201d \u2013 designa\u00e7\u00e3o escolhida pelos alunos de Gichin Funakoshi em homenagem ao Mestre, que costumava assinar os seus poemas com o pseud\u00f3nimo \u201cShoto\u201d (literalmente: \u201condula\u00e7\u00e3o dos pinheiros\u201d). Em primeiro de Mar\u00e7o de 1938 conclui-se a constru\u00e7\u00e3o do dojo Shotokan. Com a materializa\u00e7\u00e3o do Shotokan, aumenta o \u201cesp\u00edrito do grupo\u201d criado em 1935 por Kichinosuke Saigo para o desenvolvimento dos ideais de Gichin Funakoshi. Em 1939 Gichin Funakoshi e Kenwa Mabuni inscrevem as suas respectivas escolas de Karate no Butokukai. Ap\u00f3s se terem submetido a exame, na mesma sess\u00e3o, \u00e9 lhes concedido o grau Renshi. Em 1940 Gichin Funakoshi pro\u00edbe os seus alunos de executarem Jiyu Kumite (\u201ccombate livre\u201d) por verificar que, em parte devido ao fervor nacionalista e tamb\u00e9m pelo desejo de competi\u00e7\u00e3o, essa pr\u00e1tica induz a um esp\u00edrito de viol\u00eancia, contr\u00e1rio \u00e0 ess\u00eancia do Budo. Em Dezembro de 1943 Gichin Funakoshi publica \u201cKarate-Do Nyumon\u201d. Acredita-se que o seu filho Yoshitaka Funakoshi tenha colaborado activamente com ele na elabora\u00e7\u00e3o da parte t\u00e9cnica do livro, juntamente com Wado Uemura e Yoshiaki Ayashi. O ano de 1945 vai revelar-se um ano terr\u00edvel para Gichin Funakoshi. No dia dez de Mar\u00e7o, o Dojo Shotokan e a resid\u00eancia anexa da fam\u00edlia Funakoshi, s\u00e3o destru\u00eddas durante os bombardeios de T\u00f3quio. Gichin Funakoshi \u00e9 acolhido pelo filho mais velho Yoshihide, passando a residir na casa deste, situada no bairro Koishikawa em T\u00f3quio. No final desse ano Gigo Funakoshi morre em decorr\u00eancia de uma prolongada doen\u00e7a pulmonar. O funeral ocorre em 24 de Novembro. A esposa de Gichin Funakoshi, que lograra sobreviver \u00e0 destrui\u00e7\u00e3o de Okinawa, deixa a sua regi\u00e3o natal e re\u00fane-se ao marido em Oita, Kyushu, onde passam a viver em condi\u00e7\u00f5es muito dif\u00edceis.<\/p>\n\n\n\n<p>No final do Outono de 1947 a esposa de Gichin Funakoshi morre devido a uma crise de asma. Logo ap\u00f3s, Funakoshi regressa a T\u00f3quio, voltando para casa do seu filho mais velho Yoshihide. Encorajado pelos disc\u00edpulos, organiza, ainda em 1947, uma grande demonstra\u00e7\u00e3o de Karate em T\u00f3quio. No dia primeiro de Maio de 1949, \u00e0s 18 horas no Iomiuri Shibum Hall, \u00e9 criada a Nihon Karate Kyokai (conhecida internacionalmente por Japan Karate Association \u2013 NKK ou JKA). Em 1951, apesar da idade avan\u00e7ada (mais de 80 anos), Gichin Funakoshi continua a ensinar, quase exclusivamente Kata, nas universidades de Waseda, Keio, Hosei, Chuo, Hitotsubashi e Gakushin e, ainda, no Col\u00e9gio Japon\u00eas de Medicina, Col\u00e9gio Nacional de Educa\u00e7\u00e3o F\u00edsica (Nikaido) e nas Academias Naval e Militar. A 13 de Outubro de 1956 Gichin Funakoshi termina o Pref\u00e1cio da segunda edi\u00e7\u00e3o de Karate Kyohan. Em 26 de Abril de 1957 falece o mestre Gichin Funakoshi. O filho primog\u00e9nito \u2013 Yoshihide \u2013 decide organizar o funeral com o apoio da Nihon Karate Shotokai. A JKA discorda da decis\u00e3o de Yoshihide Funakoshi e afirma recusar-se a participar no funeral de Gichin Funakoshi caso n\u00e3o lhe seja permitido organiz\u00e1-lo. Promove-se uma reuni\u00e3o de emerg\u00eancia entre a Nihon Karate Shotokai e a Nihon Karate Kyokai (JKA). N\u00e3o tendo sido poss\u00edvel consenso entre ambas as partes, conclui-se que a decis\u00e3o de participa\u00e7\u00e3o no funeral de Mestre Funakoshi competir\u00e1 \u00e0 consci\u00eancia pessoal de cada um dos seus alunos. Em Junho desse mesmo ano a JKA organiza, no maior espa\u00e7o coberto japon\u00eas para a pr\u00e1tica desportiva, o Gin\u00e1sio Metropolitano de T\u00f3quio, o primeiro \u201cAll Japan Karate Championship Tournament\u201d, trata-se da primeira competi\u00e7\u00e3o p\u00fablica de Karate no Jap\u00e3o. Juntamente com a emigra\u00e7\u00e3o japonesa, a essa altura o Karate espalhava-se pelos continentes de forma acelerada, tornando-se ent\u00e3o um fen\u00f3meno mundial.<\/p>\n","protected":false},"excerpt":{"rendered":"<p>Sensei Gichin Funakoshi Gichin Funakoshi foi o introdutor e mais importante divulgador do Karate no territ\u00f3rio central do Jap\u00e3o, recebendo por esse fato o nome de \u201cPai do Karate\u201d. Em Novembro de 1868, no ano da restaura\u00e7\u00e3o Meiji, nasce Gichin Funakoshi na cidade de Shuri, Okinawa. A fam\u00edlia Tominakoshi (designa\u00e7\u00e3o formal da fam\u00edlia) possui o<\/p><\/div>\n<div class=\"blog-btn\"><a href=\"https:\/\/www.ckaveiro.com\/web\/referencias\/sensei-gichin-funakoshi\/\" class=\"home-blog-btn\">Ler mais<\/a><\/p>\n","protected":false},"author":1,"featured_media":0,"parent":16,"menu_order":0,"comment_status":"open","ping_status":"open","template":"","meta":{"footnotes":"","_links_to":"","_links_to_target":""},"class_list":["post-79","page","type-page","status-publish","hentry"],"_links":{"self":[{"href":"https:\/\/www.ckaveiro.com\/web\/wp-json\/wp\/v2\/pages\/79","targetHints":{"allow":["GET"]}}],"collection":[{"href":"https:\/\/www.ckaveiro.com\/web\/wp-json\/wp\/v2\/pages"}],"about":[{"href":"https:\/\/www.ckaveiro.com\/web\/wp-json\/wp\/v2\/types\/page"}],"author":[{"embeddable":true,"href":"https:\/\/www.ckaveiro.com\/web\/wp-json\/wp\/v2\/users\/1"}],"replies":[{"embeddable":true,"href":"https:\/\/www.ckaveiro.com\/web\/wp-json\/wp\/v2\/comments?post=79"}],"version-history":[{"count":26,"href":"https:\/\/www.ckaveiro.com\/web\/wp-json\/wp\/v2\/pages\/79\/revisions"}],"predecessor-version":[{"id":3220,"href":"https:\/\/www.ckaveiro.com\/web\/wp-json\/wp\/v2\/pages\/79\/revisions\/3220"}],"up":[{"embeddable":true,"href":"https:\/\/www.ckaveiro.com\/web\/wp-json\/wp\/v2\/pages\/16"}],"wp:attachment":[{"href":"https:\/\/www.ckaveiro.com\/web\/wp-json\/wp\/v2\/media?parent=79"}],"curies":[{"name":"wp","href":"https:\/\/api.w.org\/{rel}","templated":true}]}}